s y(11)?
-10
Let s(x) = x**3 + 35*x**2 - 343*x - 12090. Calculate s(-35).
-85
Let n(u) = 7*u**3 - 4080*u**2 - 622*u + 22749. Calculate n(583).
12
Let i(d) = -d**3 - 23*d**2 - 10*d + 998. What is i(-20)?
-2
Let k(g) = 706*g - 4216. Determine k(6).
20
Let s(c) = -c**3 + 95*c**2 + 6325*c - 3513. Determine s(140).
-13
Let v(k) = 17*k**3 + 214*k**2 + 583*k + 6. Give v(-7).
580
Let m(d) = -d**2 - 147*d + 1581. Calculate m(-160).
-499
Let q(h) = h**3 + 119*h**2 + 496*h + 73834. What is q(-120)?
-86
Let t(l) = 328*l**2 + 6894*l + 214. Determine t(-21).
88
Let j(u) = -131*u**2 + 474*u - 350. Give j(1).
-7
Let f(u) = u**3 - 43*u**2 + 312*u + 61. Calculate f(9).
115
Let b(s) = -s**2 - 37*s + 263. Give b(6).
5
Let a(h) = h**3 + 32*h**2 - 173*h + 740. Calculate a(-37).
296
Let w(g) = -g**2 + 22219*g + 133347. Calculate w(-6).
-3
Let y(x) = -29703*x + 3623753. Give y(122).
-13
Let x(t) = 2*t**3 + 103*t**2 - 61*t - 384. Determine x(-52).
84
Let c(m) = -339714*m + 2378039. Calculate c(7).
41
Let t(g) = 18*g - 1049. What is t(45)?
-239
Let s(g) = -g**3 + 14*g**2 - 81*g + 45. Give s(6).
-153
Let f(a) = -35*a**2 - 6787*a + 579. What is f(-194)?
-3
Let m(j) = 2*j**2 + 12187*j - 73174. What is m(6)?
20
Let c(z) = 12248*z - 147014. Give c(12).
-38
Let r(s) = 44321*s + 221610. Calculate r(-5).
5
Let m(q) = 8*q**3 + 11*q**2 - 1100*q - 4633. What is m(-4)?
-569
Let s(l) = -2*l**2 - 815*l + 208397. What is s(178)?
-41
Let a(i) = 6739*i + 87706. Give a(-13).
99
Let c(b) = 5*b**3 - 5*b**2 + 13*b - 3. What is c(-2)?
-89
Let g(v) = 5*v**2 + 61*v - 273. Give g(-16).
31
Let u(z) = -311*z + 46056. Calculate u(148).
28
Let c(q) = -q**3 - 8*q**2 + 1977*q + 9959. Give c(-5).
-1
Let x(j) = -213*j + 13348. What is x(66)?
-710
Let g(u) = 2*u**3 - 50*u**2 + 3591*u - 67811. What is g(20)?
9
Let q(r) = -2*r**3 - 10*r**2 + 11*r + 3. What is q(-12)?
1887
Let m(o) = -6*o**2 - 162*o - 68. Give m(-28).
-236
Let f(m) = 19766*m + 988329. Give f(-50).
29
Let t(q) = -2*q**3 - 536*q**2 - 11713*q - 256. Give t(-244).
-12
Let r(k) = 54114*k + 3355033. Determine r(-62).
-35
Let l(s) = -11*s**3 - 98*s**2 + 476*s + 3941. Give l(-8).
-507
Let q(x) = 99683*x - 76656223. What is q(769)?
4
Let q(n) = -37*n**2 + 17356*n - 1370. Give q(469).
37
Let u(a) = -48*a**2 - 439*a - 70. Give u(-9).
-7
Let q(b) = -1009*b + 4467. Give q(5).
-578
Let r(m) = -43243*m - 3632405. Determine r(-84).
7
Let f(r) = 344*r + 68817. Give f(-200).
17
Let k(c) = -c**2 - 330*c - 20644. Calculate k(-251).
-815
Let t(v) = 3488*v - 14512. Give t(4).
-560
Let u(r) = 898773*r - 4493850. Calculate u(5).
15
Let t(r) = -1729*r + 15515. What is t(11)?
-3504
Let y(j) = j**3 - 11*j**2 + 3320*j - 9870. Determine y(3).
18
Let y(h) = 21961*h + 329441. Calculate y(-15).
26
Let o(s) = 2430*s + 155523. Give o(-64).
3
Let l(g) = -62*g**2 - 2663*g - 45. Determine l(-43).
-174
Let q(t) = 6*t**3 - 29*t**2 + 8*t + 73. Determine q(4).
25
Let s(x) = -x**2 + 71857*x - 1221335. Calculate s(17).
-55
Let y(s) = -3*s**2 + 263*s - 3380. What is y(69)?
484
Let x(t) = -t**3 - 71*t**2 - 548*t + 695. Determine x(-62).
75
Let q(s) = 10*s - 694. Determine q(-27).
-964
Let b(i) = -i**3 + 8*i**2 - 96*i - 1080. Calculate b(-6).
0
Let f(d) = -d**3 + 418*d**2 + 64557*d - 366. Calculate f(-120).
-6
Let v(q) = 89*q**2 + 11*q - 23. Calculate v(-3).
745
Let u(c) = -2657*c - 526081. Determine u(-198).
5
Let d(l) = -l**3 + 25*l**2 + 259*l + 575. Calculate d(-5).
30
Let x(s) = -16964*s - 2408894. Give x(-142).
-6
Let v(m) = 1782*m**2 - 113*m - 68. Give v(0).
-68
Let h(c) = 125*c + 1005. What is h(-8)?
5
Let u(p) = 165*p - 23102. Calculate u(140).
-2
Let u(o) = -5946*o - 2092986. What is u(-352)?
6
Let p(n) = -n**2 + 315*n + 53. What is p(2)?
679
Let q(w) = 9*w**3 + 139*w**2 + 66*w + 155. What is q(-15)?
65
Let a(v) = -7765*v + 566919. Give a(73).
74
Let a(q) = -180*q**2 - 139*q + 1061. Give a(6).
-6253
Let k(w) = -1526*w + 283812. Calculate k(186).
-24
Let l(j) = -2*j**2 + 1914*j + 38611. What is l(-20)?
-469
Let h(w) = -1200*w + 284. Calculate h(1).
-916
Let r(t) = 18*t**2 - 18*t - 20. Give r(0).
-20
Let m(u) = 227*u**3 + 37*u**2 - 86*u + 26. What is m(2)?
1818
Let z(s) = -22781352*s - 91125404. Give z(-4).
4
Let b(v) = v**3 - 741*v**2 + 2235*v - 15505. Determine b(738).
-7
Let o(x) = x**3 + 13*x**2 + 10704*x + 139135. Calculate o(-13).
-17
Let c(z) = 27305*z + 682614. What is c(-25)?
-11
Let m(c) = 1878*c - 1626. Calculate m(-1).
-3504
Let o(w) = 121*w**3 + 1342*w**2 + 158*w + 422. Determine o(-11).
15
Let l(s) = 1982*s**2 - 11885*s. Determine l(6).
42
Let w(u) = -172*u + 1799. Determine w(5).
939
Let j(m) = 7*m**2 - 4000*m + 44790. What is j(560)?
-10
Let d(p) = -p**3 + 23*p**2 + 289*p - 3984. Calculate d(26).
1502
Let j(b) = 136*b - 28011. Calculate j(206).
5
Let d(h) = h**2 - 70*h + 210. Determine d(25).
-915
Let p(f) = -18*f**2 - 1362*f - 3500. Calculate p(-73).
4
Let j(c) = -16*c**2 + 5748*c + 89783. What is j(-15)?
-37
Let o(v) = -210*v - 624. Calculate o(-4).
216
Let v(q) = 353*q - 83241. Calculate v(234).
-639
Let g(z) = z**3 + 21*z**2 + 78*z + 179. Calculate g(-20).
-981
Let p(s) = 55807*s - 55811. Give p(1).
-4
Let s(t) = -5*t**2 + 783*t - 4199. Calculate s(151).
29
Let l(w) = -w**3 + 410*w**2 + 4570*w - 46. Determine l(-11).
625
Let j(q) = q**2 - 12732*q - 382867. What is j(-30)?
-7
Let u(t) = -2*t**3 + 52*t**2 - 347*t + 90. What is u(13)?
-27
Let j(o) = o**3 + 113*o**2 + 241*o + 1885. What is j(-111)?
-224
Let o(f) = -249*f - 1946. Determine o(-8).
46
Let q(m) = 3*m**2 + 320*m + 1420. What is q(-102)?
-8
Let i(a) = a**2 + 455*a - 50853. Determine i(93).
111
Let a(k) = -9952*k + 129380. Give a(13).
4
Let y(b) = -3*b**2 - 9040*b - 312767. Determine y(-35).
-42
Let x(l) = -2*l**2 - 619*l + 83038. Determine x(101).
117
Let o(d) = 24*d**3 - 9*d**2 + 8*d + 6. Calculate o(1).
29
Let d(j) = 230*j - 251. What is d(2)?
209
Let n(s) = 3929*s + 1591245. Determine n(-405).
0
Let h(j) = 258163*j + 774468. Calculate h(-3).
-21
Let y(g) = -2*g**2 - 197*g + 977. Give y(-103).
50
Let n(r) = -11288*r + 293503. Calculate n(26).
15
Let h(n) = 1128*n + 24785. What is h(-22)?
-31
Let y(i) = 13*i**2 + 516*i - 54721. Calculate y(48).
-1
Let t(w) = -w**3 + 22*w**2 + 151*w + 149. Determine t(-6).
251
Let o(f) = -64*f + 894. Give o(9).
318
Let f(s) = -308*s**2 - 8632*s + 5. Give f(-28).
229
Let t(h) = 3430*h - 222972. Calculate t(65).
-22
Let k(o) = 1761*o + 17217. Give k(-10).
-393
Let x(j) = 1411*j - 7091. Give x(5).
-36
Let l(r) = -r**2 + 5610*r + 231691. Determine l(-41).
0
Let t(k) = k**3 + 202*k**2 - 14*k - 2844. Calculate t(-202).
-16
Let b(o) = 27*o**2 + 353*o + 35. What is b(0)?
35
Let t(j) = 234*j - 483. Give t(-10).
-2823
Let u(o) = 2713*o + 24182. What is u(-9)?
-235
Let t(a) = 7*a**3 + 80*a**2 + 206*a - 89. Calculate t(-5).
6
Let o(g) = -402898*g + 402895. Determine o(1).
-3
Let v(x) = 14217*x + 109617. Determine v(-8).
-4119
Let t(d) = -754*d - 4171. Give t(-5).
-401
Let c(o) = o**3 + 214*o**2 + 605*o - 5900. Determine c(-211).
8
Let m(y) = 1774*y**3 - y**2 - 10*y + 12. Give m(1).
1775
Let z(y) = y**3 + 59*y**2 - 48674*y - 9592. Determine z(-252).
-16
Let t(g) = g**2 - 1090*g + 76754. Determine t(76).
-310
Let j(z) = -z**2 + 2877*z - 11485. Calculate j(4).
7
Let o(l) = 4*l**3 - 48*l**2 + 113*l - 770. Calculate o(11).
-11
Let j(r) = -2*r**3 - 172*r**2 - 149*r - 2184. Determine j(-85).
-3969
Let x(n) = -3700*n + 40610. Give x(11).
-90
Let k(o) = 21914*o - 306744. Calculate k(14).
52
Let h(j) = j**3 + 174*j**2 + 196*j + 2321. Give h(-173).
-1658
Let h(j) = j**3 + 55*j**2 + 341*j + 27. Calculate h(-6).
-255
Let s(z) = 3*z**3 + 149*z**2 - 372*z - 450. What is s(-52)?
-34
Let x(h) = 2286*h**2 + 176023*h + 89. Give x(-77).
12
Let x(a) = -1817*a - 3585. Calculate x(-2).
49
Let w(y) = 1332*y - 14594. What is w(11)?
58
Let k(q) = q**3 - 10*q**2 - 504*q + 5084. Determine k(10).
44
Let j(t) = -11*t**2 - 999*t - 7292. Determine j(-8).
-4
Let i(u) = -22*u**3 + 1414*u**2 - 383*u - 61. Give i(64).
3
Let j(c) = -6*c**2 + 170*c - 194. What is j(27)?
22
Let o(x) = -180*x**2 + 6119*x + 65. Calculate o(34).
31
Let x(t) = -33*t**2 + 498*t - 1994. Give x(6).
-194
Let z(v) = v**3 + 24*v**2 - 1235*v - 10390. Give z(-46).
-132
Let w(g) = 33*g**3 + 22*g**2 - 82*g - 2. What is w(4)?
2134
Let h(m) = 3